57083 is divided by 17.
11
Calculate the remainder when 1676618 is divided by 2744.
34
Calculate the remainder when 105508 is divided by 23017.
13440
What is the remainder when 2665047 is divided by 545?
542
What is the remainder when 13774486 is divided by 318?
316
Calculate the remainder when 829191 is divided by 6686.
127
What is the remainder when 13700396 is divided by 490?
486
Calculate the remainder when 17620 is divided by 2526.
2464
Calculate the remainder when 541096 is divided by 25.
21
Calculate the remainder when 325039 is divided by 46434.
1
Calculate the remainder when 6290986 is divided by 44.
42
Calculate the remainder when 630582 is divided by 5267.
3809
What is the remainder when 54136 is divided by 968?
896
Calculate the remainder when 2075744 is divided by 361.
355
Calculate the remainder when 351649 is divided by 1803.
64
What is the remainder when 1282541 is divided by 345?
176
Calculate the remainder when 1213143 is divided by 89.
73
What is the remainder when 439559 is divided by 925?
184
What is the remainder when 98886 is divided by 1398?
1026
What is the remainder when 127375 is divided by 1957?
170
Calculate the remainder when 3680583 is divided by 98.
95
What is the remainder when 24559317 is divided by 12279655?
7
Calculate the remainder when 309943 is divided by 6414.
2071
Calculate the remainder when 86975 is divided by 28750.
725
What is the remainder when 3786528 is divided by 948?
216
What is the remainder when 140185 is divided by 1801?
1508
What is the remainder when 26576021 is divided by 57?
56
Calculate the remainder when 52388628 is divided by 427.
425
What is the remainder when 44517 is divided by 19520?
5477
What is the remainder when 12314710 is divided by 6533?
5
What is the remainder when 50058 is divided by 224?
106
What is the remainder when 538443 is divided by 1117?
49
Calculate the remainder when 7685925 is divided by 96.
69
Calculate the remainder when 13488732 is divided by 27.
18
What is the remainder when 208240 is divided by 35?
25
Calculate the remainder when 259835 is divided by 6059.
5357
What is the remainder when 504067 is divided by 910?
837
Calculate the remainder when 5224125 is divided by 10952.
21
What is the remainder when 56417 is divided by 18195?
1832
Calculate the remainder when 749985 is divided by 475.
435
Calculate the remainder when 56203739 is divided by 41.
37
What is the remainder when 3487559 is divided by 1684?
1679
What is the remainder when 176859167 is divided by 25?
17
Calculate the remainder when 405456 is divided by 405401.
55
Calculate the remainder when 157582 is divided by 3041.
2491
Calculate the remainder when 3973457 is divided by 196.
145
What is the remainder when 27305853 is divided by 63?
15
Calculate the remainder when 787303 is divided by 4350.
4303
Calculate the remainder when 10667 is divided by 5228.
211
Calculate the remainder when 3642016 is divided by 5108.
12
What is the remainder when 414762 is divided by 781?
51
What is the remainder when 464749 is divided by 116187?
1
Calculate the remainder when 4995879 is divided by 13044.
27
Calculate the remainder when 223483 is divided by 161.
15
Calculate the remainder when 377281 is divided by 1730.
141
Calculate the remainder when 17448952 is divided by 216.
40
What is the remainder when 1415084 is divided by 277?
168
Calculate the remainder when 105070789 is divided by 26267694.
13
What is the remainder when 786073 is divided by 384?
25
What is the remainder when 17906157 is divided by 70?
17
What is the remainder when 49027102 is divided by 83?
81
Calculate the remainder when 12206 is divided by 3758.
932
What is the remainder when 5980834 is divided by 44633?
12
What is the remainder when 7449 is divided by 1947?
1608
Calculate the remainder when 833422 is divided by 103934.
1950
What is the remainder when 13711 is divided by 13032?
679
Calculate the remainder when 5575522 is divided by 712.
562
What is the remainder when 14357694 is divided by 4?
2
Calculate the remainder when 2356102 is divided by 785365.
7
Calculate the remainder when 18415180 is divided by 5167.
5159
Calculate the remainder when 45246788 is divided by 403989.
20
What is the remainder when 4306801 is divided by 1435587?
40
Calculate the remainder when 330197 is divided by 10102.
6933
What is the remainder when 4535006 is divided by 130?
86
Calculate the remainder when 22640866 is divided by 80003.
17
What is the remainder when 190324 is divided by 3798?
424
What is the remainder when 45288878 is divided by 208?
206
What is the remainder when 24070565 is divided by 12?
5
Calculate the remainder when 10261390 is divided by 3420463.
1
What is the remainder when 2168322 is divided by 154815?
912
Calculate the remainder when 2835645 is divided by 44.
21
Calculate the remainder when 985633 is divided by 6097.
4016
What is the remainder when 101006 is divided by 100988?
18
What is the remainder when 2985645 is divided by 597100?
145
What is the remainder when 39423 is divided by 13127?
42
Calculate the remainder when 41716 is divided by 9639.
3160
What is the remainder when 242126 is divided by 267?
224
Calculate the remainder when 95922909 is divided by 2339583.
6
What is the remainder when 37338956 is divided by 12446312?
20
What is the remainder when 17473944 is divided by 43?
34
Calculate the remainder when 4051763 is divided by 18.
17
What is the remainder when 32501180 is divided by 8101?
8069
What is the remainder when 466450 is divided by 21?
19
Calculate the remainder when 181634 is divided by 1038.
1022
Calculate the remainder when 262336 is divided by 6246.
4
What is the remainder when 617260 is divided by 1366?
1194
What is the remainder when 120809 is divided by 539?
73
What is the remainder when 26210 is divided by 5450?
4410
Calculate the remainder when 6956 is divided by 732.
368
Calculate the remainder when 2876785 is divided by 18680.
65
What is the remainder when 381046 is divided by 3151?
2926
Calculate the remainder when 272392 is divided by 3095.
32
Calculate the remainder when 62770 is divided by 1816.
1026
What is the remainder when 2492581 is divided by 1364?
553
What is the remainder when 248123 is divided by 17710?
183
Calculate the remainder when 70697383 is divided by 78.
55
What is the remainder when 1745390 is divided by 182?
10
What is the remainder when 318497 is divided by 3934?
3777
What is the remainder when 557793 is divided by 64?
33
What is the remainder when 27356957 is divided by 17?
13
Calculate the remainder when 6949233 is divided by 6.
3
What is the remainder when 755594 is divided by 293?
240
Calculate the remainder when 506540 is divided by 330.
320
Calculate the remainder when 51145003 is divided by 8676.
8659
Calculate the remainder when 932898553 is divided by 7054.
7053
What is the remainder when 42846925 is divided by 56?
37
Calculate the remainder when 171703 is divided by 224.
119
Calculate the remainder when 223859 is divided by 40.
19
What is the remainder when 865407 is divided by 182?
179
What is the remainder when 19642474 is divided by 55?
49
Calculate the remainder when 23154896 is divided by 323.
318
What is the remainder when 3274900 is divided by 3655?
20
Calculate the remainder when 7669429 is divided by 2796.
1
What is the remainder when 121914 is divided by 24?
18
Calculate the remainder when 1544929 is divided by 185.
179
Calculate the remainder when 45680034 is divided by 140.
134
What is the remainder when 95295 is divided by 47382?
531
Calculate the remainder when 15813732 is divided by 15.
12
What is the remainder when 1827002 is divided by 1202?
1164
What is the remainder when 1218059 is divided by 609027?
5
Calculate the remainder when 114002 is divided by 14069.
1450
What is the remainder when 79327758 is divided by 155?
153
What is the remainder when 859170 is divided by 5908?
2510
Calculate the remainder when 904003 is divided by 2790.
43
Calculate the remainder when 105249 is divided by 3189.
12
What is the remainder when 1273769 is divided by 2693?
2673
Calculate the remainder when 1716819 is divided by 169.
117
Calculate the remainder when 395029 is divided by 479.
333
What is the remainder when 2009795 is divided by 4110?
5
Calculate the remaind